
Let p(l) = -3*l - 125. Determine p(-61).
58
Let r(o) = o**2 + 79*o + 382. What is r(-5)?
12
Let j(z) = -z**2 - 4*z + 139. What is j(10)?
-1
Let l(u) = 13*u**3 - 650*u**2 - u + 103. Calculate l(50).
53
Let h(y) = -268*y + 535. Determine h(2).
-1
Let x(o) = -224*o + 1803. Calculate x(8).
11
Let f(n) = -2*n - 58. Determine f(-23).
-12
Let g(s) = -s**2 + 1841*s - 1843. Calculate g(1).
-3
Let z(n) = -34*n + 82. Give z(2).
14
Let b(j) = -3*j - 87. Determine b(21).
-150
Let g(a) = -1273*a + 12669. What is g(10)?
-61
Let l(i) = -i - 59. Give l(-33).
-26
Let p(w) = 690*w**2 + 4140*w - 6. Determine p(-6).
-6
Let t(k) = 5*k**3 - 11*k**2 - 7*k + 12. Determine t(2).
-6
Let z(a) = a**2 - 99*a - 309. Calculate z(102).
-3
Let n(s) = s**2 - 200. Calculate n(-14).
-4
Let k(x) = x**2 - 37*x + 66. Calculate k(34).
-36
Let p(w) = -w**3 - 115*w**2 - 2745*w + 716. Determine p(-81).
-13
Let i(f) = -f**3 - 14*f**2 + 12*f + 441. Determine i(-12).
9
Let q(s) = -329*s + 9535. Give q(29).
-6
Let m(t) = 10*t**3 - 4*t**2 + 6*t + 3. Determine m(3).
255
Let x(i) = -i**2 - 67*i - 160. Determine x(-41).
906
Let j(i) = 784*i + 5486. Give j(-7).
-2
Let r(y) = -9*y**2 - 87*y - 453. Determine r(-6).
-255
Let j(a) = -2002*a - 10013. What is j(-5)?
-3
Let p(t) = 20*t + 110. Determine p(-4).
30
Let q(s) = s**2 - 306*s - 6160. Determine q(-19).
15
Let i(n) = 2*n - 187. Calculate i(7).
-173
Let t(c) = -336*c + 4711. What is t(14)?
7
Let u(s) = -s**2 - 49*s + 41. Give u(-56).
-351
Let c(a) = 15913*a - 143222. What is c(9)?
-5
Let x(a) = 2*a**3 - 14*a**2 - 19*a - 19. Calculate x(8).
-43
Let g(l) = -163*l**3 + 2*l**2 + 6*l - 7. What is g(1)?
-162
Let l(k) = -2*k**2 - 20*k + 108. Calculate l(4).
-4
Let w(g) = -10*g**3 + 4*g**2 + 5*g + 5. Give w(-2).
91
Let a(i) = i**3 + 73*i**2 + 286*i + 10224. Calculate a(-71).
0
Let g(c) = c**3 + 8*c**2 - 7*c + 51. What is g(-10)?
-79
Let i(w) = -w**3 + 9*w**2 + 318*w + 79. Give i(23).
-13
Let p(b) = b**3 - 404*b**2 - 4151*b + 4555. Calculate p(414).
1
Let h(w) = -2*w**3 - 2*w**2 - w - 117. Determine h(0).
-117
Let w(y) = y**3 - 9*y**2 - 12*y + 77. What is w(9)?
-31
Let q(s) = 15*s + 166. Give q(-8).
46
Let n(i) = 817*i - 844. Give n(1).
-27
Let t(o) = -11*o**2 + 217*o - 41. Give t(20).
-101
Let v(x) = 2*x**2 - 75*x - 463. Give v(43).
10
Let g(v) = v**3 - 103*v**2 + 1247*v - 90. Determine g(89).
-1
Let p(m) = -m**2 - 3*m + 381. Determine p(18).
3
Let w(d) = -2547*d - 12719. Calculate w(-5).
16
Let g(p) = 18*p - 113. Determine g(7).
13
Let o(p) = 3*p**2 - 18*p + 68. Determine o(9).
149
Let l(i) = i**3 + 25*i**2 + 54*i - 2. Calculate l(-22).
262
Let c(l) = l**2 + 23*l + 2. Determine c(0).
2
Let s(v) = 7*v - 305. Determine s(38).
-39
Let r(m) = m**3 + 12*m**2 + 31*m - 38. Give r(-7).
-10
Let y(q) = -56*q - 716. Give y(-28).
852
Let n(c) = c**3 + 14*c**2 + 35*c - 3. Determine n(-11).
-25
Let c(k) = k**3 - 47*k**2 - 57*k + 465. Calculate c(48).
33
Let z(i) = i**3 - 21*i**2 + 76*i - 21. Calculate z(5).
-41
Let w(f) = -291*f**2 - 23*f + 18. What is w(1)?
-296
Let q(f) = -7*f**2 - 32*f - 194. Give q(-6).
-254
Let s(m) = -22*m**2 + 135*m - 134. What is s(1)?
-21
Let l(b) = -b**3 + 101*b**2 - 492*b + 5. Give l(5).
-55
Let k(j) = -721*j - 17310. Determine k(-24).
-6
Let t(w) = 2*w**2 + 48*w + 7. Calculate t(-24).
7
Let i(f) = -f**3 - 5*f**2 - 12*f + 52. Determine i(3).
-56
Let t(m) = 2*m**3 + 86*m**2 - m + 31. What is t(-43)?
74
Let k(s) = 3*s**2 + 18*s + 50. Calculate k(-9).
131
Let c(q) = 2*q**3 + 3*q**2 + 215*q + 844. Determine c(-4).
-96
Let b(z) = -3*z**2 + 26*z + 1. Determine b(9).
-8
Let r(i) = -i**2 - 136*i + 277. Determine r(-139).
-140
Let x(j) = 14*j**3 + 18*j**2 - 29*j - 4. Determine x(2).
122
Let b(z) = -2*z**2 - 77*z - 326. Determine b(-5).
9
Let t(q) = -14*q**2 + 168*q + 383. Determine t(14).
-9
Let l(b) = -3*b**3 + 7*b**2 + 60*b + 25. Give l(-4).
89
Let h(q) = -67*q - 2124. Determine h(-32).
20
Let p(o) = -3*o**2 - 13*o + 16. Determine p(-6).
-14
Let r(h) = -7*h**3 - 290*h**2 + 170*h + 84. Calculate r(-42).
0
Let v(z) = -z**2 + 506*z - 59254. Calculate v(184).
-6
Let w(t) = -3*t**3 + 24*t**2 + 57*t + 38. What is w(10)?
8
Let g(n) = -3*n**3 + 72*n**2 - 8*n + 26. Give g(24).
-166
Let a(f) = -22*f - 171. What is a(-9)?
27
Let c(v) = -50*v - 955. Determine c(-16).
-155
Let c(b) = -3*b**3 + 74*b**2 - 62*b + 51. Give c(24).
-285
Let x(m) = 23*m**3 + 324*m**2 - m + 18. Determine x(-14).
424
Let r(y) = -8*y**2 + 1145*y + 17593. Determine r(-14).
-5
Let v(o) = -3*o**2 - 12*o - 108. Calculate v(0).
-108
Let k(c) = 5*c**2 - 58*c - 17. Determine k(12).
7
Let b(i) = -6*i**2 - 108*i - 200. Give b(-2).
-8
Let r(b) = 2*b**2 - 201*b + 871. What is r(96)?
7
Let g(q) = q**2 - 33*q + 57. Give g(8).
-143
Let c(b) = 4*b**2 + 14*b + 7. What is c(-4)?
15
Let j(u) = -1181*u + 35452. What is j(30)?
22
Let d(w) = w**3 - 58*w**2 + 544*w + 4338. Calculate d(43).
-5
Let l(t) = 47*t + 152. Determine l(-3).
11
Let k(g) = g**3 + 9*g**2 - 2*g - 90. Determine k(-5).
20
Let a(i) = 533*i - 319. Determine a(3).
1280
Let b(q) = -q**3 + 7*q**2 + 115*q - 605. Determine b(5).
20
Let t(w) = -10*w + 209. Calculate t(-35).
559
Let x(r) = -r**3 + 10*r**2 + 41*r + 1. Give x(15).
-509
Let w(v) = v**3 + v**2 + 26*v - 28. Determine w(1).
0
Let d(a) = 11*a - 526. What is d(48)?
2
Let f(t) = 20*t**3 - 82*t + 83. What is f(1)?
21
Let a(h) = -223*h + 225. Calculate a(1).
2
Let a(r) = -21*r**2 + 22*r + 19. Calculate a(-2).
-109
Let k(j) = -j**3 + 66*j**2 + 144*j - 928. What is k(68)?
-384
Let s(x) = x**2 - 19*x + 17. Calculate s(20).
37
Let i(h) = -h**3 - 206*h**2 - 6255*h + 15. Determine i(-37).
89
Let o(l) = -5*l**2 - 249*l - 205. Determine o(-50).
-255
Let p(b) = b**3 + 55*b**2 - 97*b + 971. Determine p(-57).
2
Let x(i) = i**2 + 66*i + 401. Determine x(-7).
-12
Let b(c) = -c**3 - 8*c**2 + 23*c + 151. Determine b(-5).
-39
Let d(r) = -25*r + 603. Give d(32).
-197
Let d(u) = 20*u**2 - 118*u - 4. Give d(6).
8
Let l(r) = -348*r - 4187. Give l(-12).
-11
Let s(f) = -74*f**2 + 18*f + 5. Calculate s(2).
-255
Let d(h) = 24*h - 693. What is d(32)?
75
Let y(u) = 36*u**2 + 87*u + 367. What is y(-4)?
595
Let q(s) = -s**3 - s**2 + 95*s + 272. Calculate q(-3).
5
Let i(g) = 14*g**3 - 4*g**2 + 145*g - 140. Calculate i(1).
15
Let m(r) = -47*r**2 - 125*r - 11. What is m(-3)?
-59
Let t(c) = -c**3 + 36*c**2 - 106*c + 286. Calculate t(33).
55
Let q(j) = 3*j**2 - 415*j - 3070. What is q(-7)?
-18
Let z(k) = 4*k**3 - 37*k**2 + 61*k + 20. Calculate z(5).
-100
Let o(q) = q**2 - 58*q + 845. Calculate o(32).
13
Let s(g) = g**3 - 19*g**2 + 39*g - 100. Give s(17).
-15
Let z(p) = -p**2 + 64*p + 1113. Determine z(-14).
21
Let f(d) = 9*d + 106. Calculate f(-12).
-2
Let s(h) = -11*h**3 - 101*h**2 - 167*h + 15. What is s(-7)?
8
Let d(x) = -x**3 + 43*x**2 + 93*x + 79. Calculate d(45).
214
Let b(t) = 2*t**3 + 12*t**2 + 16*t - 15. Determine b(-6).
-111
Let s(o) = o**3 + 10*o**2 + 61*o + 133. What is s(-3)?
13
Let z(p) = 25*p**2 - 1151*p + 5163. Calculate z(41).
-3
Let u(w) = -15*w + 559. What is u(34)?
49
Let x(c) = 2*c**2 - 21*c + 52. Give x(17).
273
Let q(c) = -3*c**2 - 184*c + 311. What is q(-63)?
-4
Let y(j) = -j**3 - 37*j**2 + 5*j + 196. Give y(-37).
11
Let f(o) = -154*o + 19694. What is f(128)?
-18
Let x(o) = -7*o**2 - 560*o + 1744. Determine x(-83).
1
Let k(h) = -2*h**3 - 13*h**2 + 41*h - 11. Give k(3).
-59
Let k(r) = 48*r - 343. Determine k(7).
-7
Let x(w) = w**3 + 57*w**2 - 158*w - 2361. What is x(-59)?
-1
Let j(h) = h**3 + 43*h**2 - 17*h + 1180. Determine j(-44).
-8
Let d(y) = 8*y - 214. Calculate d(34).
58
Let f(c) = c**3 - 19*c**2 + 49*c - 15. What is f(16)?
1
Let y(l) = l**3 + 19*l**2 - 64*l + 37. Determine y(-22).
-7
Let h(k) = -1488*k - 25261. What is h(-17)?
35
Let h(q) = 6*q**3 - 61*q**2 + 64*q - 17. Give h(9).
-8
Let a(u) = 6598*u + 118762. Give a(-18).
-2
Let r(g) = g**3 + 35*g**2 + 42*g + 243. Determine r(-34).
-29
Let l(n) = 33*n**2 - 158*n + 26. Determine l(4).
-78
Let i(m) = -m**2 - 54*m + 877. Give i(13).
6
Let g(a) = -15*a**2 + 111*a + 77. Determine g(8).
5
Let h(j) = 2187*j + 10995. Calculate h(-5).
60
Let a(p) = -73*p + 7585. Determine a(104).
-7
Let y(v) = -v**3 - 37*v**2 - 40*v - 143. Determine y(-36).
1
Let u(s) = -s**2 + 241*s + 1760. Determine u(-7).
24
Let m(k) = k**2 - 591*k + 68132. What is m(157)?
-